2 - 34433 = 3*r, -6 = -2*r. What is the thousands digit of t?
4
Let p(i) = i**3 + 7*i**2 + 431*i + 352. What is the ten thousands digit of p(27)?
3
Let j(z) = 112*z**2 + 18*z + 25. What is the units digit of j(12)?
9
Suppose 3*t + t - 3*l - 32922 = 0, 3*t + 5*l = 24706. What is the tens digit of t?
3
What is the units digit of ((-74092)/(-5))/2 - (-349)/(-1745)?
9
Let f be 3*1*(-220)/(-60). Suppose -2*t - 29 = f. What is the units digit of ((-32)/t)/((-2)/(-65))?
2
Suppose 230*f - 229*f - 580 = 4*u, u = -f + 575. What is the units digit of f?
6
Suppose 5*u - w - 17328 = 0, -3*u + 14516 = w + 4116. What is the tens digit of u?
6
Suppose -2*z + 2*b + 14 = 0, -z - 2*z + b = -29. Let i(p) = p**2 - 14*p + 30. Let k be i(z). What is the units digit of (0 - (-1 - k))*-39?
8
What is the tens digit of 114/((326/1224)/1 - (-16)/(-72))?
8
Suppose -3*q + 5*q + 31440 = 2*l, -4 = q. What is the ten thousands digit of l?
1
Let c(z) = -z**2 - 6*z + 22. Let y be c(-7). Let k(q) = 6*q + 9. Let g be k(y). Suppose 0 = -12*r + 9*r + g. What is the units digit of r?
3
Suppose 11*i + 2*i = 923. Let h = i + 80. What is the hundreds digit of h?
1
Let g(q) = -68*q + 207. Let h be g(3). Suppose -h*c + 2*c + 321 = 0. What is the units digit of c?
1
Let b(n) = n**3 + 49*n**2 + 40*n + 30. What is the units digit of b(-37)?
8
Suppose -7*u = -5*u. Suppose -43*n + 58*n - 720 = 0. Suppose n*o - 49*o + 256 = u. What is the units digit of o?
6
Let z = 2855 + 182. What is the units digit of z?
7
Let h be -7*(5 + (-255)/35). Suppose -h*c = -10*c - 3384. What is the units digit of c?
4
Suppose -3*a + 3*p + 148329 = 0, -2*p - 15 + 17 = 0. What is the hundreds digit of a?
4
Suppose 0 = -0*p + 5*p - 35. Let d be p*1*(-10)/(-35). Suppose -6*f + 112 = -d*f. What is the tens digit of f?
2
Suppose 0 = 5*g - 2*j - 160, 0*j = g - 3*j - 45. What is the hundreds digit of (-2)/((-296)/438 + 20/g)?
2
Let j = 3318 - 1447. What is the tens digit of j?
7
Let g = 4331 + -1624. What is the tens digit of g?
0
Suppose f + d - 22 = 0, d + 21 + 33 = 3*f. Let l = -18 + f. Let t(z) = 154*z**2 + 2*z. What is the tens digit of t(l)?
5
Suppose 0 = -191*l + 87*l + 78312. What is the hundreds digit of l?
7
What is the hundreds digit of 20/(-6) - (-5203705)/669?
7
Suppose 360 = k - 10*k. Let t = k - -176. Let b = t - 43. What is the units digit of b?
3
Let x(o) = o**3 + 16*o**2 + 17*o - 37. Let c be x(-14). Suppose 3*n = -10*n + c. Let v(k) = 16*k + 9. What is the hundreds digit of v(n)?
1
Suppose -h + h = -h. Suppose -3*d + 20*d - 1598 = h. What is the units digit of d?
4
What is the units digit of 20/(-16)*-2*401574/155?
7
Let o = 1359 + -1273. What is the tens digit of o?
8
Suppose -4*t + 480 = 11*t. Suppose -t*m + 1488 + 19120 = 0. What is the units digit of m?
4
Let v(h) = -25*h + 91. Let b be v(-22). What is the units digit of (b - 2) + -6 + 7?
0
Suppose -39*m + 18*m = 27*m - 29904. What is the hundreds digit of m?
6
Let o(y) = 406*y + 17. Let c be o(16). Suppose 0 = -16*m + 3*m + c. What is the units digit of m?
1
Let l = 27100 - -38654. What is the thousands digit of l?
5
Let z be (-1)/((-96)/(-94) - 1). Let u = z - -87. Suppose -5*r - u = -5*y, 6*y - 9*y = 5*r. What is the units digit of y?
5
Suppose 229*s - 224*s = -5165. Let w = -553 - s. What is the tens digit of w?
8
Suppose 2*c + 12884 = 5*t, -3*t + c = -6*t + 7726. Let a = t + -1779. What is the tens digit of a?
9
Let k(q) = 8*q - 265. Let d be k(34). Suppose -d*x = -4558 + 232. What is the tens digit of x?
1
Let w be (0 + -1 - (-10)/6)*9. Let s be (-45)/(-6)*(22/w - 3). Suppose 2*n - s*n = -222. What is the units digit of n?
4
Let f = 3905 - -3912. What is the thousands digit of f?
7
Suppose -j = 30*y - 25*y - 194219, -3 = 3*j. What is the thousands digit of y?
8
Suppose -94*r + 536870 = -6*r - 586714. What is the hundreds digit of r?
7
Suppose 13*h - 378855 = 703408. What is the units digit of h?
1
Let l(x) = 126*x**2 + 57*x - 3. What is the hundreds digit of l(-2)?
3
Let y(z) = 32*z + 110. Let t be y(-15). Let h = -15 - t. What is the hundreds digit of h?
3
Let l be (-66)/(-9) + (-3)/9. Suppose -375 = l*b - 2349. Suppose 5*o - 2*o = b. What is the units digit of o?
4
What is the thousands digit of 11907/3 + (-7 - -6)?
3
Suppose s = -3*s + 176. Suppose -u + 64 = -4*l, u = -0*u - l + s. Suppose -2*c = 4*p - u, 0 = 2*p - 0*p - 8. What is the units digit of c?
6
Suppose -60 = 17*m - 23*m. Let x be (2084/m)/((-42)/(-105)). Let r = x - 238. What is the tens digit of r?
8
Suppose -51 = -3*p + 81. Let r be -3 + 6 + (p - 12/4). Let x = r + 67. What is the tens digit of x?
1
Let s = 72 + -59. Let r = s - 27. What is the tens digit of 178*r/21*3/(-2)?
7
Suppose -16 + 196 = 9*h. Suppose -13*s - h*s = -36366. What is the thousands digit of s?
1
Let h = -33 - -49. Suppose -12*u + h = -4*u. What is the tens digit of (33 - u) + (-8)/4?
2
Let w(q) = -23*q - 157. Let p be w(-7). Suppose 3*h - p*h = 4*z - 3027, 0 = 5*h + 25. What is the tens digit of z?
5
Let d(w) = -6905*w + 148. What is the tens digit of d(-2)?
5
Suppose -5*j = -0*j - 95. Let b = 13 - j. What is the units digit of (-254)/(-3) - 2/b*1?
5
Suppose -5*l + 38 = -s, 6 = l + 2*l + 5*s. Suppose 0 = -l*o - 2*o + 36. Suppose -67 = 2*d - o*d - 3*a, -3*d - 2*a + 93 = 0. What is the tens digit of d?
2
Suppose 0 = 5*m - 2 - 23. Let r = -6 - -14. Let v = r - m. What is the units digit of v?
3
Suppose -252*b + 3937419 = -2409894 - 2489823. What is the thousands digit of b?
5
Suppose 0 = -162*k + 94*k + 789888. What is the tens digit of k?
1
Suppose 5862 = 2*y + 4*u, -17*u + 15*u + 8821 = 3*y. What is the units digit of y?
5
Let v(o) = o**2 + 7*o + 9. Let g be v(-5). Let u be (0 - (6 + -4))*g. Let p = 17 + u. What is the units digit of p?
9
Let q(m) = -m**3 - 9*m**2 - 12*m - 13. Suppose 10 = 2*z - 38. Suppose -c = z - 16. What is the tens digit of q(c)?
1
Suppose 86*o + 98311 = 305743 + 199950. What is the tens digit of o?
3
Let n(o) = o**3 + 38*o**2 + 44*o - 55. What is the tens digit of n(-17)?
6
Let g(r) = 3*r**2 - 2*r + 2*r - 4*r**2 - 7 - 6*r. Let q be g(-13). Let i = -13 - q. What is the units digit of i?
5
Let t = 11034 + -5250. What is the units digit of t?
4
Let v be 4 + -4 + (4/4 - 1). Suppose -33*u + 16*u + 4216 = v. What is the hundreds digit of u?
2
Suppose -42*w + 70222 = 40916 - 109126. What is the thousands digit of w?
3
Let c(z) = 15*z**3 - 25*z**2 - 7*z - 3. Let d be c(5). Let n = 2054 - d. What is the units digit of n?
2
Let s = -44 - -50. Suppose -s*y + 21 + 63 = 0. What is the units digit of y?
4
Let a = -38 + 42. Suppose -r - a = -6. Suppose -2*q + o + 184 = 0, r*q + 2*q + 4*o = 344. What is the units digit of q?
0
Let a be (22/(-77) - 24/14)/(-2). Let b be (-1 - -1) + (a - -6) + -4. Suppose -3*p + 180 - 749 = -5*w, 0 = b*w - 5*p - 335. What is the tens digit of w?
1
Suppose -14096 = -6*x - 1094. Let u = -1105 + x. What is the hundreds digit of u?
0
What is the tens digit of (-4)/(-1 - -25) + (-5747159)/(-66) + 8?
8
Let k = -5817 - -18036. What is the units digit of k?
9
Let m = 124 - -92. Suppose 0 = 30*j - 3*j - m. What is the units digit of j?
8
What is the tens digit of (-7640)/70*-813 - -4*3/(-84)?
3
Suppose -95*f = -85*f - 1170. What is the tens digit of f/195 + 464/10 + -2?
4
Let h = 1679 - -2263. What is the units digit of h?
2
What is the tens digit of (64386301/(-274))/(11/(-2) + 2)?
3
Suppose -47*x = -17*x + 120. Let y(q) = -248*q + 83. What is the thousands digit of y(x)?
1
Let f(z) = 24*z - 39. Let y(g) = 73*g - 44*g + 109*g + 126*g - 428. Let x(j) = -32*f(j) + 3*y(j). What is the hundreds digit of x(9)?
1
Let r(k) = -38*k**3 + 4*k**2 - 3*k - 12. Let m be r(-5). Suppose -11*h + m - 1256 = 0. What is the tens digit of h?
2
Let q(l) = -l**2 - 15*l - 13. Let c be q(-14). Let v be (3 - 6)/(2/(c*-16)). Suppose 0 = v*t - 19*t - 630. What is the units digit of t?
6
Let m = 35794 + -22362. What is the units digit of m?
2
Suppose -20*h = -21*h. Suppose -2*y + 3*j + 3 = -h*y, -3*j - 3 = -5*y. Suppose -3*o + 2*o = -1, y = 5*r + 4*o - 324. What is the units digit of r?
4
What is the units digit of (-19685425)/(-760) - (-2)/16?
2
Let i(o) = -o**3 - 7*o**2 - 7*o + 6122. What is the tens digit of i(0)?
2
Let f be (-1368)/(-285) - 1/(-5). Suppose -3*k + f*g = -3 - 448, -10 = 5*g. What is